{"id":4193,"date":"2023-04-20T08:20:09","date_gmt":"2023-04-20T06:20:09","guid":{"rendered":"http:\/\/www.vierlinden-openair.de\/?post_type=tribe_events&#038;p=4193"},"modified":"2023-04-28T04:34:53","modified_gmt":"2023-04-28T02:34:53","slug":"open-air-kino-43","status":"publish","type":"tribe_events","link":"http:\/\/www.vierlinden-openair.de\/?tribe_events=open-air-kino-43","title":{"rendered":"Open Air Kino: &#8222;Das Lehrerzimmer&#8220;"},"content":{"rendered":"<div class=\"col-group\">\n<div class=\"col-12 col-dt-8 col-dt-offset-2\">\n<p><strong>Open Air Kino: &#8222;Das Lehrerzimmer&#8220;<\/strong><\/p>\n<p class=\"article--plott\">\u201cWas im Lehrerzimmer ist, bleibt im Lehrerzimmer!\u201d hei\u00dft es an dem Gymnasium, wo Carla Nowak (Leonie Benesch) ihren ersten Job als Lehrerin antritt. Sie unterrichtet Sport und Mathematik, und wer jetzt ein Schuldrama mit marodierenden Sch\u00fclern unterschiedlichster ethnischer Herkunft erwartet, liegt falsch, denn eigentlich l\u00e4uft es ganz gut mit dem Unterricht. Anders ist es hinter den Kulissen, wo Carla bald zwischen die Fronten von Kollegen, Verwaltungspersonal und Elternschaft ger\u00e4t. \u0130lker \u00c7atak (ES GILT DAS GESPROCHENE WORT) hat dieses elektrisierende Werk \u00fcber den Mikrokosmos Schule als Spiegelbild auf unsere Gesellschaft geschrieben und kurzweilig inszeniert.<\/p>\n<div class=\"article--meta\">\n<p>von Kalle Somnitz<\/p>\n<\/div>\n<div class=\"article--meta\">Carla unterrichtet die 7. Klasse, ist sehr engagiert und l\u00e4sst sich einiges im Unterricht einfallen. Und ihre Sch\u00fcler sind aufmerksam, ziehen mit und lassen sich motivieren. Im Lehrerzimmer sieht es da schon anders aus. Obwohl Transparenz das oberste Gebot ist, kocht hier jeder sein eigenes S\u00fcppchen und l\u00e4sst sich nicht in die Karten schauen. Zurzeit gibt es ein Problem: Es kommt immer wieder zu kleineren Diebst\u00e4hlen, und die Kolleginnen und Kollegen sind mit Vorverurteilungen und zweifelhaften Verh\u00f6rmethoden schnell bei der Sache. Die Verschwiegenheitspflicht bei Klassenkonferenzen wird immer wieder von den Sch\u00fclerinnen und Sch\u00fcler der Sch\u00fcler-Mitverwaltung durchstochen. So haben die Ger\u00fcchte freie Fahrt und werden von den Gruppen befeuert, in deren Interesse sie liegen.<\/div>\n<p>Als sich die Verd\u00e4chtigungen auf einen Sch\u00fcler aus Carlas Klasse kompilieren, springt sie f\u00fcr diesen in die Bresche. \u201cEtwas \u00fcberengagiert, die Neue!\u201d kommentieren die\u00a0 Kollegen und aus unterschiedlichen Meinungen wird bald ein Kleinkrieg, der immer komplexer wird und dessen Frontverlauf sich kaum mehr erkennen l\u00e4sst. Carla unternimmt eigene Ermittlungen, um die Unschuld ihres Sch\u00fclers zu beweisen, bringt dadurch aber eine Lawine ins Rollen, die sie nicht mehr stoppen kann. Die Dinge sind offensichtlich komplizierter als gedacht und schnell bekommen alle Wind von ihren Ermittlungen. Fortan muss sie vermitteln zwischen rechthaberischen Kollegen, emp\u00f6rten Eltern und angriffslustigen Sch\u00fclern und als dann noch das Sch\u00fcler-Magazin zu recherchieren beginnt, droht die Angelegenheit zu eskalieren.<\/p>\n<p>Gen\u00fcsslich zerlegt \u0130lker \u00c7atak den Mikrokosmos Schule und f\u00fchrt dabei den Wunsch, es allen Recht zu machen ad absurdum. Er zeigt, wie gute Vors\u00e4tze zu einem heillosen Chaos f\u00fchren, das bald sehr unangenehme Z\u00fcge zeigt. Dabei kann man seinen Film \u00fcber das Schuldrama hinaus, auch als Metapher auf unsere Gesellschaft verstehen, die die derzeitige Debattenkultur, aber auch Begriffe wie \u2018political correctness\u2019 und \u2018wokeness\u2019\u00a0 hinterfragen. So erlebt man, auch wenn man keine Kinder hat, ein D\u00e9j\u00e0 Vu nach dem anderen, und vieles kommt einem unangenehm vertraut vor. Die eigentliche Leistung des Films ist aber sein Humor, der Zuschauer blickt mit ein wenig Abstand auf das Geschehen, was ihm die Distanz gibt, Fehlerquellen zu erkennen und sich \u00fcber sie am\u00fcsieren zu k\u00f6nnen.<\/p>\n<p>&#8212;&#8212;&#8212;&#8212;&#8212;&#8212;&#8212;&#8212;&#8212;&#8212;&#8212;&#8212;&#8212;&#8212;&#8212;&#8212;&#8212;&#8212;&#8212;&#8212;&#8212;&#8212;&#8212;&#8212;&#8212;&#8212;&#8212;&#8212;&#8212;&#8212;&#8212;&#8212;&#8212;&#8212;&#8212;&#8212;&#8212;&#8212;<\/p>\n<\/div>\n<\/div>\n<p>Die\u00a0<a href=\"https:\/\/filmkunstkinos.de\/kinos\/vier-linden-open-air\/\" target=\"_blank\" rel=\"noopener\"><strong><span style=\"color: #ff0000;\">D\u00fcsseldorfer Filmkunstkinos<\/span><\/strong><\/a> sind zu Gast im <strong>VierLinden Open-Air<\/strong>. Gegen Abend, bei einsetzender Dunkelheit, wird die moderne Leinwand aufgepumpt. Genie\u00dfen Sie nach Sonnenuntergang das einmalige Gef\u00fchl von Open Air Kino im gem\u00fctlichen Ambiente im S\u00fcdpark. Ausgesuchte Top\u2013Filme unter sternklarem Sommerhimmel!<\/p>\n<p>Wir spielen \u00fcbrigens bei \u201efast\u201c jedem Wetter: Ausnahmen sind Dauerregen und Gewitter- und Unwetterwarnung. Da ist uns die Sicherheit der G\u00e4ste wichtiger.<\/p>\n<p>In diesen Zweifelsf\u00e4llen informieren Sie sich bitte unter Tel.: 0211 \/ 7213134 oder ab 18.00 Uhr im Metropol (0211 \/ 349709).<\/p>\n<p>Einlass: <strong>ab 19 Uhr<\/strong><br \/>\nFilmbeginn: <strong>ca. 21.30 Uhr\u00a0<\/strong><\/p>\n<p><strong>EINTRITT:<\/strong><br \/>\nRegul\u00e4r: <strong>12,00 Euro auf allen Pl\u00e4tzen<\/strong><br \/>\nErm\u00e4\u00dfigt: <strong>10,00 Euro mit dem <span style=\"color: #ff0000;\"><a style=\"color: #ff0000;\" href=\"https:\/\/filmkunstkinos.de\/angebote\/gildepass\/\" target=\"_blank\" rel=\"noopener\">Gilde\u2013Pass<\/a><\/span><\/strong>. (Es gibt keine weiteren Erm\u00e4\u00dfigungen neben dem Gilde-Pass.)<\/p>\n<p>Aufpreis bei \u00dcberl\u00e4nge:<\/p>\n<p>ab 130 Min. 0,50 Euro<br \/>\nab 140 Min. 1,00 Euro<br \/>\nab 150 Min. 1,50 Euro<br \/>\nab 165 Min. 2,00 Euro<br \/>\nab 180 Min. 2,50 Euro<\/p>\n<h4>TICKETS und Filmbeschreibungen inkl. Trailer aller Filme: <strong><a href=\"http:\/\/www.filmkunstkinos.de\" target=\"_blank\" rel=\"noopener\"><span style=\"color: #ff0000;\">www.filmkunstkinos.de<\/span><\/a><\/strong><\/h4>\n","protected":false},"excerpt":{"rendered":"<p>Open Air Kino: &#8222;Das Lehrerzimmer&#8220; \u201cWas im Lehrerzimmer ist, bleibt im Lehrerzimmer!\u201d hei\u00dft es an dem Gymnasium, wo Carla Nowak (Leonie Benesch) ihren ersten Job als Lehrerin antritt. Sie unterrichtet Sport und Mathematik, und wer jetzt ein Schuldrama mit marodierenden &hellip; <a href=\"http:\/\/www.vierlinden-openair.de\/?tribe_events=open-air-kino-43\">Weiterlesen <span class=\"meta-nav\">&rarr;<\/span><\/a><\/p>\n","protected":false},"author":1,"featured_media":4281,"comment_status":"closed","ping_status":"closed","template":"","meta":{"_tribe_events_status":"","_tribe_events_status_reason":"","footnotes":""},"tags":[8,30,12,7,14,9,16],"tribe_events_cat":[],"class_list":["post-4193","tribe_events","type-tribe_events","status-publish","has-post-thumbnail","hentry","tag-dusseldorf","tag-filmkunstkinos","tag-kino","tag-kultur","tag-open-air","tag-sudpark","tag-vierlinden"],"_links":{"self":[{"href":"http:\/\/www.vierlinden-openair.de\/index.php?rest_route=\/wp\/v2\/tribe_events\/4193","targetHints":{"allow":["GET"]}}],"collection":[{"href":"http:\/\/www.vierlinden-openair.de\/index.php?rest_route=\/wp\/v2\/tribe_events"}],"about":[{"href":"http:\/\/www.vierlinden-openair.de\/index.php?rest_route=\/wp\/v2\/types\/tribe_events"}],"author":[{"embeddable":true,"href":"http:\/\/www.vierlinden-openair.de\/index.php?rest_route=\/wp\/v2\/users\/1"}],"replies":[{"embeddable":true,"href":"http:\/\/www.vierlinden-openair.de\/index.php?rest_route=%2Fwp%2Fv2%2Fcomments&post=4193"}],"version-history":[{"count":7,"href":"http:\/\/www.vierlinden-openair.de\/index.php?rest_route=\/wp\/v2\/tribe_events\/4193\/revisions"}],"predecessor-version":[{"id":4284,"href":"http:\/\/www.vierlinden-openair.de\/index.php?rest_route=\/wp\/v2\/tribe_events\/4193\/revisions\/4284"}],"wp:featuredmedia":[{"embeddable":true,"href":"http:\/\/www.vierlinden-openair.de\/index.php?rest_route=\/wp\/v2\/media\/4281"}],"wp:attachment":[{"href":"http:\/\/www.vierlinden-openair.de\/index.php?rest_route=%2Fwp%2Fv2%2Fmedia&parent=4193"}],"wp:term":[{"taxonomy":"post_tag","embeddable":true,"href":"http:\/\/www.vierlinden-openair.de\/index.php?rest_route=%2Fwp%2Fv2%2Ftags&post=4193"},{"taxonomy":"tribe_events_cat","embeddable":true,"href":"http:\/\/www.vierlinden-openair.de\/index.php?rest_route=%2Fwp%2Fv2%2Ftribe_events_cat&post=4193"}],"curies":[{"name":"wp","href":"https:\/\/api.w.org\/{rel}","templated":true}]}}

<div class="col-group">
<div class="col-12 col-dt-8 col-dt-offset-2">
<p><strong>Open Air Kino: &#8222;Das Lehrerzimmer&#8220;</strong></p>
<p class="article--plott">“Was im Lehrerzimmer ist, bleibt im Lehrerzimmer!” heißt es an dem Gymnasium, wo Carla Nowak (Leonie Benesch) ihren ersten Job als Lehrerin antritt. Sie unterrichtet Sport und Mathematik, und wer jetzt ein Schuldrama mit marodierenden Schülern unterschiedlichster ethnischer Herkunft erwartet, liegt falsch, denn eigentlich läuft es ganz gut mit dem Unterricht. Anders ist es hinter den Kulissen, wo Carla bald zwischen die Fronten von Kollegen, Verwaltungspersonal und Elternschaft gerät. İlker Çatak (ES GILT DAS GESPROCHENE WORT) hat dieses elektrisierende Werk über den Mikrokosmos Schule als Spiegelbild auf unsere Gesellschaft geschrieben und kurzweilig inszeniert.</p>
<div class="article--meta">
<p>von Kalle Somnitz</p>
</div>
<div class="article--meta">Carla unterrichtet die 7. Klasse, ist sehr engagiert und lässt sich einiges im Unterricht einfallen. Und ihre Schüler sind aufmerksam, ziehen mit und lassen sich motivieren. Im Lehrerzimmer sieht es da schon anders aus. Obwohl Transparenz das oberste Gebot ist, kocht hier jeder sein eigenes Süppchen und lässt sich nicht in die Karten schauen. Zurzeit gibt es ein Problem: Es kommt immer wieder zu kleineren Diebstählen, und die Kolleginnen und Kollegen sind mit Vorverurteilungen und zweifelhaften Verhörmethoden schnell bei der Sache. Die Verschwiegenheitspflicht bei Klassenkonferenzen wird immer wieder von den Schülerinnen und Schüler der Schüler-Mitverwaltung durchstochen. So haben die Gerüchte freie Fahrt und werden von den Gruppen befeuert, in deren Interesse sie liegen.</div>
<p>Als sich die Verdächtigungen auf einen Schüler aus Carlas Klasse kompilieren, springt sie für diesen in die Bresche. “Etwas überengagiert, die Neue!” kommentieren die  Kollegen und aus unterschiedlichen Meinungen wird bald ein Kleinkrieg, der immer komplexer wird und dessen Frontverlauf sich kaum mehr erkennen lässt. Carla unternimmt eigene Ermittlungen, um die Unschuld ihres Schülers zu beweisen, bringt dadurch aber eine Lawine ins Rollen, die sie nicht mehr stoppen kann. Die Dinge sind offensichtlich komplizierter als gedacht und schnell bekommen alle Wind von ihren Ermittlungen. Fortan muss sie vermitteln zwischen rechthaberischen Kollegen, empörten Eltern und angriffslustigen Schülern und als dann noch das Schüler-Magazin zu recherchieren beginnt, droht die Angelegenheit zu eskalieren.</p>
<p>Genüsslich zerlegt İlker Çatak den Mikrokosmos Schule und führt dabei den Wunsch, es allen Recht zu machen ad absurdum. Er zeigt, wie gute Vorsätze zu einem heillosen Chaos führen, das bald sehr unangenehme Züge zeigt. Dabei kann man seinen Film über das Schuldrama hinaus, auch als Metapher auf unsere Gesellschaft verstehen, die die derzeitige Debattenkultur, aber auch Begriffe wie ‘political correctness’ und ‘wokeness’  hinterfragen. So erlebt man, auch wenn man keine Kinder hat, ein Déjà Vu nach dem anderen, und vieles kommt einem unangenehm vertraut vor. Die eigentliche Leistung des Films ist aber sein Humor, der Zuschauer blickt mit ein wenig Abstand auf das Geschehen, was ihm die Distanz gibt, Fehlerquellen zu erkennen und sich über sie amüsieren zu können.</p>
<p>&#8212;&#8212;&#8212;&#8212;&#8212;&#8212;&#8212;&#8212;&#8212;&#8212;&#8212;&#8212;&#8212;&#8212;&#8212;&#8212;&#8212;&#8212;&#8212;&#8212;&#8212;&#8212;&#8212;&#8212;&#8212;&#8212;&#8212;&#8212;&#8212;&#8212;&#8212;&#8212;&#8212;&#8212;&#8212;&#8212;&#8212;&#8212;</p>
</div>
</div>
<p>Die <a href="https://filmkunstkinos.de/kinos/vier-linden-open-air/" target="_blank" rel="noopener"><strong><span style="color: #ff0000;">Düsseldorfer Filmkunstkinos</span></strong></a> sind zu Gast im <strong>VierLinden Open-Air</strong>. Gegen Abend, bei einsetzender Dunkelheit, wird die moderne Leinwand aufgepumpt. Genießen Sie nach Sonnenuntergang das einmalige Gefühl von Open Air Kino im gemütlichen Ambiente im Südpark. Ausgesuchte Top–Filme unter sternklarem Sommerhimmel!</p>
<p>Wir spielen übrigens bei „fast“ jedem Wetter: Ausnahmen sind Dauerregen und Gewitter- und Unwetterwarnung. Da ist uns die Sicherheit der Gäste wichtiger.</p>
<p>In diesen Zweifelsfällen informieren Sie sich bitte unter Tel.: 0211 / 7213134 oder ab 18.00 Uhr im Metropol (0211 / 349709).</p>
<p>Einlass: <strong>ab 19 Uhr</strong><br />
Filmbeginn: <strong>ca. 21.30 Uhr </strong></p>
<p><strong>EINTRITT:</strong><br />
Regulär: <strong>12,00 Euro auf allen Plätzen</strong><br />
Ermäßigt: <strong>10,00 Euro mit dem <span style="color: #ff0000;"><a style="color: #ff0000;" href="https://filmkunstkinos.de/angebote/gildepass/" target="_blank" rel="noopener">Gilde–Pass</a></span></strong>. (Es gibt keine weiteren Ermäßigungen neben dem Gilde-Pass.)</p>
<p>Aufpreis bei Überlänge:</p>
<p>ab 130 Min. 0,50 Euro<br />
ab 140 Min. 1,00 Euro<br />
ab 150 Min. 1,50 Euro<br />
ab 165 Min. 2,00 Euro<br />
ab 180 Min. 2,50 Euro</p>
<h4>TICKETS und Filmbeschreibungen inkl. Trailer aller Filme: <strong><a href="http://www.filmkunstkinos.de" target="_blank" rel="noopener"><span style="color: #ff0000;">www.filmkunstkinos.de</span></a></strong></h4>

<p>Open Air Kino: &#8222;Das Lehrerzimmer&#8220; “Was im Lehrerzimmer ist, bleibt im Lehrerzimmer!” heißt es an dem Gymnasium, wo Carla Nowak (Leonie Benesch) ihren ersten Job als Lehrerin antritt. Sie unterrichtet Sport und Mathematik, und wer jetzt ein Schuldrama mit marodierenden &hellip; <a href="http://www.vierlinden-openair.de/?tribe_events=open-air-kino-43">Weiterlesen <span class="meta-nav">&rarr;</span></a></p>
