{"id":4242,"date":"2023-04-22T05:01:37","date_gmt":"2023-04-22T03:01:37","guid":{"rendered":"http:\/\/www.vierlinden-openair.de\/?post_type=tribe_events&#038;p=4242"},"modified":"2023-04-23T16:10:09","modified_gmt":"2023-04-23T14:10:09","slug":"reiner-tisch-an-frischer-luft-2","status":"publish","type":"tribe_events","link":"http:\/\/www.vierlinden-openair.de\/?tribe_events=reiner-tisch-an-frischer-luft-2","title":{"rendered":"REINER TISCH an frischer Luft"},"content":{"rendered":"<div><strong>FRANK K\u00dcSTERS REINER TISCH<\/strong><\/div>\n<div><\/div>\n<div>Die Kultshow aus dem Uerige ist erneut zu Gast im <strong>VierLinden Open-Air<\/strong>.<\/div>\n<div>Ab 19:00 Uhr (Einlass 17:30 Uhr) bereitet <strong>Frank K\u00fcster<\/strong> gewohnt turbulent und bissig, wie seit \u00fcber 24 Jahren, das Zeitgeschehen der letzten Tage und Wochen kabarettistisch auf.<\/div>\n<div><\/div>\n<div>Es unterst\u00fctzen ihn dabei musikalisch <strong>Andreas Hirschmann am Keyboard<\/strong> und <strong>Marcel Richard an den Drums<\/strong>.<\/div>\n<div>Erstmals dabei mit einem Acht-Minuten-Auftritt im Open Spot:<\/div>\n<div>Kabarettist und Parodist <strong>Henning Schmidtke<\/strong>.<\/div>\n<div>Den &#8222;chlorreichen&#8220; Abschluss des Abends bestreitet Deutschlands Top-Comedian <strong>Bademeister Schaluppke<\/strong>.<\/div>\n<div>Am Beckenrand der D\u00fcssel wird er dem Publikum zum Ende noch einmal kr\u00e4ftig einheizen.<\/div>\n<div>Bestplatzbuchung! Die Sitze an den Tischen werden gem\u00e4\u00df Buchungseingang vergeben, auf den Klappst\u00fchlen ohne Tisch dann freie Platzwahl.<\/div>\n<div>Bei Regenguss Unterstellm\u00f6glichkeit.<\/div>\n<div>Getr\u00e4nke m\u00fcssen vor Ort gekauft, Speisen k\u00f6nnen mitgebracht werden, auch Grillgut.<\/div>\n<div><\/div>\n<div><strong>Der VVK startet am 05.05. um 05:55 Uhr unter folgenden LINK:<\/strong><\/div>\n<p>TICKETS: <span style=\"color: #ff0000;\"><a style=\"color: #ff0000;\" href=\"https:\/\/www.eventbrite.de\/e\/519677739107\" target=\"_blank\" rel=\"noopener\"><strong>TICKET-LINK!<\/strong><\/a><\/span><\/p>\n<p>Einlass:17:30 Uhr<br \/>\nBeginn: 19:00 Uhr<\/p>\n","protected":false},"excerpt":{"rendered":"<p>FRANK K\u00dcSTERS REINER TISCH Die Kultshow aus dem Uerige ist erneut zu Gast im VierLinden Open-Air. Ab 19:00 Uhr (Einlass 17:30 Uhr) bereitet Frank K\u00fcster gewohnt turbulent und bissig, wie seit \u00fcber 24 Jahren, das Zeitgeschehen der letzten Tage und &hellip; <a href=\"http:\/\/www.vierlinden-openair.de\/?tribe_events=reiner-tisch-an-frischer-luft-2\">Weiterlesen <span class=\"meta-nav\">&rarr;<\/span><\/a><\/p>\n","protected":false},"author":1,"featured_media":4249,"comment_status":"closed","ping_status":"closed","template":"","meta":{"_tribe_events_status":"","_tribe_events_status_reason":"","footnotes":""},"tags":[28,8,7,14,34,9,16],"tribe_events_cat":[],"class_list":["post-4242","tribe_events","type-tribe_events","status-publish","has-post-thumbnail","hentry","tag-comedy","tag-dusseldorf","tag-kultur","tag-open-air","tag-reiner-tisch","tag-sudpark","tag-vierlinden"],"_links":{"self":[{"href":"http:\/\/www.vierlinden-openair.de\/index.php?rest_route=\/wp\/v2\/tribe_events\/4242","targetHints":{"allow":["GET"]}}],"collection":[{"href":"http:\/\/www.vierlinden-openair.de\/index.php?rest_route=\/wp\/v2\/tribe_events"}],"about":[{"href":"http:\/\/www.vierlinden-openair.de\/index.php?rest_route=\/wp\/v2\/types\/tribe_events"}],"author":[{"embeddable":true,"href":"http:\/\/www.vierlinden-openair.de\/index.php?rest_route=\/wp\/v2\/users\/1"}],"replies":[{"embeddable":true,"href":"http:\/\/www.vierlinden-openair.de\/index.php?rest_route=%2Fwp%2Fv2%2Fcomments&post=4242"}],"version-history":[{"count":7,"href":"http:\/\/www.vierlinden-openair.de\/index.php?rest_route=\/wp\/v2\/tribe_events\/4242\/revisions"}],"predecessor-version":[{"id":4252,"href":"http:\/\/www.vierlinden-openair.de\/index.php?rest_route=\/wp\/v2\/tribe_events\/4242\/revisions\/4252"}],"wp:featuredmedia":[{"embeddable":true,"href":"http:\/\/www.vierlinden-openair.de\/index.php?rest_route=\/wp\/v2\/media\/4249"}],"wp:attachment":[{"href":"http:\/\/www.vierlinden-openair.de\/index.php?rest_route=%2Fwp%2Fv2%2Fmedia&parent=4242"}],"wp:term":[{"taxonomy":"post_tag","embeddable":true,"href":"http:\/\/www.vierlinden-openair.de\/index.php?rest_route=%2Fwp%2Fv2%2Ftags&post=4242"},{"taxonomy":"tribe_events_cat","embeddable":true,"href":"http:\/\/www.vierlinden-openair.de\/index.php?rest_route=%2Fwp%2Fv2%2Ftribe_events_cat&post=4242"}],"curies":[{"name":"wp","href":"https:\/\/api.w.org\/{rel}","templated":true}]}}

<div><strong>FRANK KÜSTERS REINER TISCH</strong></div>
<div></div>
<div>Die Kultshow aus dem Uerige ist erneut zu Gast im <strong>VierLinden Open-Air</strong>.</div>
<div>Ab 19:00 Uhr (Einlass 17:30 Uhr) bereitet <strong>Frank Küster</strong> gewohnt turbulent und bissig, wie seit über 24 Jahren, das Zeitgeschehen der letzten Tage und Wochen kabarettistisch auf.</div>
<div></div>
<div>Es unterstützen ihn dabei musikalisch <strong>Andreas Hirschmann am Keyboard</strong> und <strong>Marcel Richard an den Drums</strong>.</div>
<div>Erstmals dabei mit einem Acht-Minuten-Auftritt im Open Spot:</div>
<div>Kabarettist und Parodist <strong>Henning Schmidtke</strong>.</div>
<div>Den &#8222;chlorreichen&#8220; Abschluss des Abends bestreitet Deutschlands Top-Comedian <strong>Bademeister Schaluppke</strong>.</div>
<div>Am Beckenrand der Düssel wird er dem Publikum zum Ende noch einmal kräftig einheizen.</div>
<div>Bestplatzbuchung! Die Sitze an den Tischen werden gemäß Buchungseingang vergeben, auf den Klappstühlen ohne Tisch dann freie Platzwahl.</div>
<div>Bei Regenguss Unterstellmöglichkeit.</div>
<div>Getränke müssen vor Ort gekauft, Speisen können mitgebracht werden, auch Grillgut.</div>
<div></div>
<div><strong>Der VVK startet am 05.05. um 05:55 Uhr unter folgenden LINK:</strong></div>
<p>TICKETS: <span style="color: #ff0000;"><a style="color: #ff0000;" href="https://www.eventbrite.de/e/519677739107" target="_blank" rel="noopener"><strong>TICKET-LINK!</strong></a></span></p>
<p>Einlass:17:30 Uhr<br />
Beginn: 19:00 Uhr</p>

<p>FRANK KÜSTERS REINER TISCH Die Kultshow aus dem Uerige ist erneut zu Gast im VierLinden Open-Air. Ab 19:00 Uhr (Einlass 17:30 Uhr) bereitet Frank Küster gewohnt turbulent und bissig, wie seit über 24 Jahren, das Zeitgeschehen der letzten Tage und &hellip; <a href="http://www.vierlinden-openair.de/?tribe_events=reiner-tisch-an-frischer-luft-2">Weiterlesen <span class="meta-nav">&rarr;</span></a></p>
