{"id":4686,"date":"2024-07-02T13:35:31","date_gmt":"2024-07-02T11:35:31","guid":{"rendered":"http:\/\/www.vierlinden-openair.de\/?post_type=tribe_events&#038;p=4686"},"modified":"2024-07-02T13:37:07","modified_gmt":"2024-07-02T11:37:07","slug":"open-air-kino-perfect-days","status":"publish","type":"tribe_events","link":"http:\/\/www.vierlinden-openair.de\/?tribe_events=open-air-kino-perfect-days","title":{"rendered":"Open-Air Kino: &#8222;PERFECT DAYS&#8220;"},"content":{"rendered":"<p><strong>Open-Air Kino: &#8222;PERFECT DAYS&#8220;<\/strong><\/p>\n<div class=\"col-group\">\n<div class=\"col-12 col-dt-8 col-dt-offset-2\">\n<p class=\"article--plott\">78 Jahre ist Wim Wenders alt, doch sein Arbeitstempo wird immer schneller. In diesem Jahr hat er gleich zwei neue Filme auf dem Filmfestival in Cannes vorgestellt. ANSELM hat er in 3D gedreht, er l\u00e4uft immer noch im Atelier, und sein zweiter, der in Cannes den Darstellerpreis gewann, kommt nun in die Kinos. Es ist sein erster Film, den er in japanischer Sprache gedreht hat. Nach der Auszeichnung in Cannes wurde er als Jury-Pr\u00e4sident f\u00fcr das Filmfest Tokio berufen und er\u00f6ffnete es mit PERFECT DAYS.<\/p>\n<div class=\"article--meta\">von Kalle Somnitz<\/div>\n<p>Wenders wollte immer erneut einen Film in Japan drehen, doch Corona verhinderte immer noch seine Anreise. Er war mitten in den Dreharbeiten zu ANSELM, als ihn ein ungew\u00f6hnlicher Brief erreichte. Darin stellte man ihm ein Toiletten-Projekt vor, wie es in Tokio gerade umgesetzt wurde und lie\u00df anfragen, ob er sich vorstellen k\u00f6nnte, ein Buch, eine Fotostrecke oder gar einen Kurzfilm dar\u00fcber zu machen. Tats\u00e4chlich sind diese Toiletten, kleine Pal\u00e4ste, meist in \u00f6ffentlichen Parks gelegen, Teil der japanischen Willkommenskultur, w\u00e4hrend sie in Deutschland eher versteckt werden. Mit dem Auftrag war auch ein Arbeitsvisum verbunden, und so fuhr Wenders nach Japan, um sich das alles wenigstens einmal anzuschauen.<\/p>\n<p>\u201cIch muss mir immer erstmal ein Bild vor Ort machen, bevor ich mir eine Geschichte ausdenken kann.\u201d erkl\u00e4rte Wenders in Cannes und so entstand seine bewegende Studie eines japanischen Putzmanns: Hirayama lebt in einem winzigen Mikroapartment in Tokio. Viel mehr als sein Bett passt da gar nicht rein, der Badezimmerspiegel ist so klein, dass er immer nur einen Teil seines Gesichts sehen kann. Wenn \u00fcber Tokio die Sonne aufgeht, f\u00e4hrt er mit dem Firmenwagen zur Arbeit. Er reinigt \u00f6ffentliche Toilettenanlagen. Ein armseliges Leben? K\u00f6nnte man meinen, aber er scheint mit sich im Reinen zu sein.<\/p>\n<p>Er hat einen jungen, unzuverl\u00e4ssigen Kollegen, mit dem er meist nur mit Mimik und Gestik kommuniziert. \u00dcberhaupt redet er nicht viel. Zum Mittagessen besucht er immer das gleiche Restaurant und reinigt sich nach der Arbeit in einem \u00f6ffentlichen Bad. Eigentlich verl\u00e4uft ein Tag wie der andere, aber Hirayama erfreut sich an den kleinen Dingen des Lebens. Im Auto h\u00f6rt er alte Tonbandkassetten mit Liedern von Leonard Cohen und Patti Smith, leiht sich in einer Buchhandlung f\u00fcr kleines Geld gebrauchte B\u00fccher von Faulkner und Highsmith aus. Er liebt die Schattenbilder der Ahornbl\u00e4tter in Wind und Sonne, nimmt sie mit seiner alten analogen Kamera auf. Zuhause hat er einige kleine Ahorn-Setzlingen, die er t\u00e4glich liebevoll mit Wasser bespr\u00fcht. Einmal muss er seiner Nichte Asyl gew\u00e4hren, weil sie sich mit ihrer Mutter zerstritten hat, und am Ende trifft er auf den Exmann seiner Wirtin, der Krebs hat und sich bei seiner Ex-Frau verabschieden wollte. Doch er dringt nicht mehr zu ihr durch und so hinterl\u00e4sst er Hirayama sein Verm\u00e4chtnis, auf dass er irgendwann einmal die Gelegenheit hat, es ihr zu erz\u00e4hlen.<br \/>\nHirayama ist vielleicht nicht das Alter Ego von Wim Wenders, aber er liebt alles, was auch Wenders liebt, ihm ist wichtig, was auch Wenders wichtig ist. Und obwohl kaum gesprochen wird, wirkt der Film eloquent und emotional ber\u00fchrend. Eine Charakterstudie, so dicht und schl\u00fcssig, wie sie Wenders lange nicht mehr gelungen ist. Ein besinnlicher Film, der gut in die Weihnachtszeit passt und uns an die wahren Werte des Lebens erinnert.<\/p>\n<div class=\"col-group\">\n<div class=\"col-12 col-dt-8 col-dt-offset-2\">\n<hr \/>\n<\/div>\n<\/div>\n<p>Die\u00a0<a href=\"https:\/\/filmkunstkinos.de\/kinos\/vier-linden-open-air\/\" target=\"_blank\" rel=\"noopener\"><strong>D\u00fcsseldorfer Filmkunstkinos<\/strong><\/a> sind zu Gast im <strong>VierLinden Open-Air<\/strong>. Gegen Abend, bei einsetzender Dunkelheit, wird die moderne Leinwand aufgepumpt. Genie\u00dfen Sie nach Sonnenuntergang das einmalige Gef\u00fchl von Open Air Kino im gem\u00fctlichen Ambiente im S\u00fcdpark. Ausgesuchte Top\u2013Filme unter sternklarem Sommerhimmel!<\/p>\n<p>Wir spielen \u00fcbrigens bei \u201efast\u201c jedem Wetter: Ausnahmen sind Dauerregen und Gewitter- und Unwetterwarnung. Da ist uns die Sicherheit der G\u00e4ste wichtiger.<\/p>\n<p>In diesen Zweifelsf\u00e4llen informieren Sie sich bitte unter Tel.: 0211 \/ 7213134 oder ab 18.00 Uhr im Metropol (0211 \/ 349709).<\/p>\n<p>Einlass: <strong>ab 19 Uhr<\/strong><br \/>\nFilmbeginn: <strong>ca. 21.30 Uhr\u00a0<\/strong><\/p>\n<p><strong>EINTRITT:<\/strong><br \/>\nRegul\u00e4r: <strong>12,00 Euro auf allen Pl\u00e4tzen<\/strong><br \/>\nErm\u00e4\u00dfigt: <strong>10,00 Euro mit dem <a href=\"https:\/\/filmkunstkinos.de\/angebote\/gildepass\/\" target=\"_blank\" rel=\"noopener\">Gilde\u2013Pass<\/a><\/strong>. (Es gibt keine weiteren Erm\u00e4\u00dfigungen neben dem Gilde-Pass.)<\/p>\n<p>Aufpreis bei \u00dcberl\u00e4nge:<\/p>\n<p>ab 130 Min. 0,50 Euro<br \/>\nab 140 Min. 1,00 Euro<br \/>\nab 150 Min. 1,50 Euro<br \/>\nab 165 Min. 2,00 Euro<br \/>\nab 180 Min. 2,50 Euro<\/p>\n<h4>TICKETS und Filmbeschreibungen inkl. Trailer aller Filme: <strong><a href=\"http:\/\/www.filmkunstkinos.de\" target=\"_blank\" rel=\"noopener\">www.filmkunstkinos.de<\/a><\/strong><\/h4>\n<\/div>\n<\/div>\n","protected":false},"excerpt":{"rendered":"<p>Open-Air Kino: &#8222;PERFECT DAYS&#8220; 78 Jahre ist Wim Wenders alt, doch sein Arbeitstempo wird immer schneller. In diesem Jahr hat er gleich zwei neue Filme auf dem Filmfestival in Cannes vorgestellt. ANSELM hat er in 3D gedreht, er l\u00e4uft immer &hellip; <a href=\"http:\/\/www.vierlinden-openair.de\/?tribe_events=open-air-kino-perfect-days\">Weiterlesen <span class=\"meta-nav\">&rarr;<\/span><\/a><\/p>\n","protected":false},"author":1,"featured_media":4687,"comment_status":"closed","ping_status":"closed","template":"","meta":{"_tribe_events_status":"","_tribe_events_status_reason":"","footnotes":""},"tags":[8,30,12,7,14,9,16],"tribe_events_cat":[],"class_list":["post-4686","tribe_events","type-tribe_events","status-publish","has-post-thumbnail","hentry","tag-dusseldorf","tag-filmkunstkinos","tag-kino","tag-kultur","tag-open-air","tag-sudpark","tag-vierlinden"],"_links":{"self":[{"href":"http:\/\/www.vierlinden-openair.de\/index.php?rest_route=\/wp\/v2\/tribe_events\/4686","targetHints":{"allow":["GET"]}}],"collection":[{"href":"http:\/\/www.vierlinden-openair.de\/index.php?rest_route=\/wp\/v2\/tribe_events"}],"about":[{"href":"http:\/\/www.vierlinden-openair.de\/index.php?rest_route=\/wp\/v2\/types\/tribe_events"}],"author":[{"embeddable":true,"href":"http:\/\/www.vierlinden-openair.de\/index.php?rest_route=\/wp\/v2\/users\/1"}],"replies":[{"embeddable":true,"href":"http:\/\/www.vierlinden-openair.de\/index.php?rest_route=%2Fwp%2Fv2%2Fcomments&post=4686"}],"version-history":[{"count":1,"href":"http:\/\/www.vierlinden-openair.de\/index.php?rest_route=\/wp\/v2\/tribe_events\/4686\/revisions"}],"predecessor-version":[{"id":4688,"href":"http:\/\/www.vierlinden-openair.de\/index.php?rest_route=\/wp\/v2\/tribe_events\/4686\/revisions\/4688"}],"wp:featuredmedia":[{"embeddable":true,"href":"http:\/\/www.vierlinden-openair.de\/index.php?rest_route=\/wp\/v2\/media\/4687"}],"wp:attachment":[{"href":"http:\/\/www.vierlinden-openair.de\/index.php?rest_route=%2Fwp%2Fv2%2Fmedia&parent=4686"}],"wp:term":[{"taxonomy":"post_tag","embeddable":true,"href":"http:\/\/www.vierlinden-openair.de\/index.php?rest_route=%2Fwp%2Fv2%2Ftags&post=4686"},{"taxonomy":"tribe_events_cat","embeddable":true,"href":"http:\/\/www.vierlinden-openair.de\/index.php?rest_route=%2Fwp%2Fv2%2Ftribe_events_cat&post=4686"}],"curies":[{"name":"wp","href":"https:\/\/api.w.org\/{rel}","templated":true}]}}

<p><strong>Open-Air Kino: &#8222;PERFECT DAYS&#8220;</strong></p>
<div class="col-group">
<div class="col-12 col-dt-8 col-dt-offset-2">
<p class="article--plott">78 Jahre ist Wim Wenders alt, doch sein Arbeitstempo wird immer schneller. In diesem Jahr hat er gleich zwei neue Filme auf dem Filmfestival in Cannes vorgestellt. ANSELM hat er in 3D gedreht, er läuft immer noch im Atelier, und sein zweiter, der in Cannes den Darstellerpreis gewann, kommt nun in die Kinos. Es ist sein erster Film, den er in japanischer Sprache gedreht hat. Nach der Auszeichnung in Cannes wurde er als Jury-Präsident für das Filmfest Tokio berufen und eröffnete es mit PERFECT DAYS.</p>
<div class="article--meta">von Kalle Somnitz</div>
<p>Wenders wollte immer erneut einen Film in Japan drehen, doch Corona verhinderte immer noch seine Anreise. Er war mitten in den Dreharbeiten zu ANSELM, als ihn ein ungewöhnlicher Brief erreichte. Darin stellte man ihm ein Toiletten-Projekt vor, wie es in Tokio gerade umgesetzt wurde und ließ anfragen, ob er sich vorstellen könnte, ein Buch, eine Fotostrecke oder gar einen Kurzfilm darüber zu machen. Tatsächlich sind diese Toiletten, kleine Paläste, meist in öffentlichen Parks gelegen, Teil der japanischen Willkommenskultur, während sie in Deutschland eher versteckt werden. Mit dem Auftrag war auch ein Arbeitsvisum verbunden, und so fuhr Wenders nach Japan, um sich das alles wenigstens einmal anzuschauen.</p>
<p>“Ich muss mir immer erstmal ein Bild vor Ort machen, bevor ich mir eine Geschichte ausdenken kann.” erklärte Wenders in Cannes und so entstand seine bewegende Studie eines japanischen Putzmanns: Hirayama lebt in einem winzigen Mikroapartment in Tokio. Viel mehr als sein Bett passt da gar nicht rein, der Badezimmerspiegel ist so klein, dass er immer nur einen Teil seines Gesichts sehen kann. Wenn über Tokio die Sonne aufgeht, fährt er mit dem Firmenwagen zur Arbeit. Er reinigt öffentliche Toilettenanlagen. Ein armseliges Leben? Könnte man meinen, aber er scheint mit sich im Reinen zu sein.</p>
<p>Er hat einen jungen, unzuverlässigen Kollegen, mit dem er meist nur mit Mimik und Gestik kommuniziert. Überhaupt redet er nicht viel. Zum Mittagessen besucht er immer das gleiche Restaurant und reinigt sich nach der Arbeit in einem öffentlichen Bad. Eigentlich verläuft ein Tag wie der andere, aber Hirayama erfreut sich an den kleinen Dingen des Lebens. Im Auto hört er alte Tonbandkassetten mit Liedern von Leonard Cohen und Patti Smith, leiht sich in einer Buchhandlung für kleines Geld gebrauchte Bücher von Faulkner und Highsmith aus. Er liebt die Schattenbilder der Ahornblätter in Wind und Sonne, nimmt sie mit seiner alten analogen Kamera auf. Zuhause hat er einige kleine Ahorn-Setzlingen, die er täglich liebevoll mit Wasser besprüht. Einmal muss er seiner Nichte Asyl gewähren, weil sie sich mit ihrer Mutter zerstritten hat, und am Ende trifft er auf den Exmann seiner Wirtin, der Krebs hat und sich bei seiner Ex-Frau verabschieden wollte. Doch er dringt nicht mehr zu ihr durch und so hinterlässt er Hirayama sein Vermächtnis, auf dass er irgendwann einmal die Gelegenheit hat, es ihr zu erzählen.<br />
Hirayama ist vielleicht nicht das Alter Ego von Wim Wenders, aber er liebt alles, was auch Wenders liebt, ihm ist wichtig, was auch Wenders wichtig ist. Und obwohl kaum gesprochen wird, wirkt der Film eloquent und emotional berührend. Eine Charakterstudie, so dicht und schlüssig, wie sie Wenders lange nicht mehr gelungen ist. Ein besinnlicher Film, der gut in die Weihnachtszeit passt und uns an die wahren Werte des Lebens erinnert.</p>
<div class="col-group">
<div class="col-12 col-dt-8 col-dt-offset-2">
<hr />
</div>
</div>
<p>Die <a href="https://filmkunstkinos.de/kinos/vier-linden-open-air/" target="_blank" rel="noopener"><strong>Düsseldorfer Filmkunstkinos</strong></a> sind zu Gast im <strong>VierLinden Open-Air</strong>. Gegen Abend, bei einsetzender Dunkelheit, wird die moderne Leinwand aufgepumpt. Genießen Sie nach Sonnenuntergang das einmalige Gefühl von Open Air Kino im gemütlichen Ambiente im Südpark. Ausgesuchte Top–Filme unter sternklarem Sommerhimmel!</p>
<p>Wir spielen übrigens bei „fast“ jedem Wetter: Ausnahmen sind Dauerregen und Gewitter- und Unwetterwarnung. Da ist uns die Sicherheit der Gäste wichtiger.</p>
<p>In diesen Zweifelsfällen informieren Sie sich bitte unter Tel.: 0211 / 7213134 oder ab 18.00 Uhr im Metropol (0211 / 349709).</p>
<p>Einlass: <strong>ab 19 Uhr</strong><br />
Filmbeginn: <strong>ca. 21.30 Uhr </strong></p>
<p><strong>EINTRITT:</strong><br />
Regulär: <strong>12,00 Euro auf allen Plätzen</strong><br />
Ermäßigt: <strong>10,00 Euro mit dem <a href="https://filmkunstkinos.de/angebote/gildepass/" target="_blank" rel="noopener">Gilde–Pass</a></strong>. (Es gibt keine weiteren Ermäßigungen neben dem Gilde-Pass.)</p>
<p>Aufpreis bei Überlänge:</p>
<p>ab 130 Min. 0,50 Euro<br />
ab 140 Min. 1,00 Euro<br />
ab 150 Min. 1,50 Euro<br />
ab 165 Min. 2,00 Euro<br />
ab 180 Min. 2,50 Euro</p>
<h4>TICKETS und Filmbeschreibungen inkl. Trailer aller Filme: <strong><a href="http://www.filmkunstkinos.de" target="_blank" rel="noopener">www.filmkunstkinos.de</a></strong></h4>
</div>
</div>

<p>Open-Air Kino: &#8222;PERFECT DAYS&#8220; 78 Jahre ist Wim Wenders alt, doch sein Arbeitstempo wird immer schneller. In diesem Jahr hat er gleich zwei neue Filme auf dem Filmfestival in Cannes vorgestellt. ANSELM hat er in 3D gedreht, er läuft immer &hellip; <a href="http://www.vierlinden-openair.de/?tribe_events=open-air-kino-perfect-days">Weiterlesen <span class="meta-nav">&rarr;</span></a></p>
